{"id":15,"date":"2013-01-26T15:49:03","date_gmt":"2013-01-26T13:49:03","guid":{"rendered":"http:\/\/localhost\/vozmenyeniweb\/?page_id=15"},"modified":"2015-02-14T13:37:10","modified_gmt":"2015-02-14T11:37:10","slug":"dernekler","status":"publish","type":"page","link":"https:\/\/vahitozmen.com\/t\/dernekler\/","title":{"rendered":"Dernekler"},"content":{"rendered":"<blockquote>\n<h2 class=\"h2b mavifont\" style=\"font-weight:normal\">Prof. Dr. Vahit \u00d6zmen\u2019in \u00dcyesi Oldu\u011fu Dernekler<\/h2>\n<\/blockquote>\n<p>1. T\u00fcrk Gastro-enteroloji Derne\u011fi<\/p>\n<p>2. B\u00f6brek Transplantasyon Derne\u011fi ( Kurucu \u00dcye )<\/p>\n<p>3. T\u00fcrk Onkoloji Derne\u011fi<\/p>\n<p>4. \u0130stanbul Meme Derne\u011fi (Ba\u015fkan: 2009-2012, Kurucu \u00dcye)<\/p>\n<p>5. T\u00fcrk Antibiotik Kemoterapi Derne\u011fi<\/p>\n<p>6. Laparoskopik &#038; Endoskopik Minimal \u0130nvazif  Cerrahi  Derne\u011fi ( Kurucu \u00fcye, Genel Sekreter )<\/p>\n<p>7. T\u00fcrkiye \u00d6\u011fretim \u00dcyeleri Derne\u011fi<\/p>\n<p>8. The American Society of Colon and Rectal Surgeons ( A.S.C.R.S.)<\/p>\n<p>9. American College of Surgeons ( A.C.S.)<\/p>\n<p>10. T\u00fcrk Cerrahi Derne\u011fi<\/p>\n<p>11. European Association of Laparoscopic Surgery (E.A.L.S.)<\/p>\n<p>12. Mediterranean Society of Colo-Rectal Surgery( Kurucu \u00fcye)<\/p>\n<p>13. Senoloji ve Meme Bilimi Derne\u011fi<\/p>\n<p>14. \u0130stanbul T\u0131p Fak\u00fcltesi Mezunlar\u0131 Derne\u011fi (Kurucu \u00dcye)<\/p>\n<p>15. \u0130stanbul Cerrahi Derne\u011fi (Kurucu \u00dcye)<\/p>\n<p>16. World Society for Breast Health (Kurucu \u00dcye, Y\u00f6netim Kurulu \u00dcyesi, Genel Sekreter 2007)<\/p>\n<p>17. Ulusal Meme Hastal\u0131klar\u0131 Dernekleri Federasyonu (Ba\u015fkan 2009-2011, Kurucu \u00dcye)<\/p>\n<p>18. Meme Sa\u011fl\u0131\u011f\u0131 Derne\u011fi (Kurucu \u00dcye)<\/p>\n<p>19. Senologic International Society (SIS) Y\u00f6netim Kurulu \u00dcyesi<\/p>\n","protected":false},"excerpt":{"rendered":"<p>Prof. Dr. Vahit \u00d6zmen\u2019in \u00dcyesi Oldu\u011fu Dernekler 1. T\u00fcrk Gastro-enteroloji Derne\u011fi 2. B\u00f6brek Transplantasyon Derne\u011fi ( Kurucu \u00dcye ) 3. T\u00fcrk Onkoloji Derne\u011fi 4. \u0130stanbul Meme Derne\u011fi (Ba\u015fkan: 2009-2012, Kurucu \u00dcye) 5. T\u00fcrk Antibiotik Kemoterapi Derne\u011fi 6. Laparoskopik &#038; Endoskopik<span class=\"ellipsis\">&hellip;<\/span><\/p>\n<div class=\"read-more\"><a href=\"https:\/\/vahitozmen.com\/t\/dernekler\/\">Read more &#8250;<\/a><\/div>\n<p><!-- end of .read-more --><\/p>\n","protected":false},"author":1,"featured_media":0,"parent":0,"menu_order":2,"comment_status":"closed","ping_status":"open","template":"content-sidebar-page.php","meta":{"ngg_post_thumbnail":0},"_links":{"self":[{"href":"https:\/\/vahitozmen.com\/t\/wp-json\/wp\/v2\/pages\/15"}],"collection":[{"href":"https:\/\/vahitozmen.com\/t\/wp-json\/wp\/v2\/pages"}],"about":[{"href":"https:\/\/vahitozmen.com\/t\/wp-json\/wp\/v2\/types\/page"}],"author":[{"embeddable":true,"href":"https:\/\/vahitozmen.com\/t\/wp-json\/wp\/v2\/users\/1"}],"replies":[{"embeddable":true,"href":"https:\/\/vahitozmen.com\/t\/wp-json\/wp\/v2\/comments?post=15"}],"version-history":[{"count":13,"href":"https:\/\/vahitozmen.com\/t\/wp-json\/wp\/v2\/pages\/15\/revisions"}],"predecessor-version":[{"id":2065,"href":"https:\/\/vahitozmen.com\/t\/wp-json\/wp\/v2\/pages\/15\/revisions\/2065"}],"wp:attachment":[{"href":"https:\/\/vahitozmen.com\/t\/wp-json\/wp\/v2\/media?parent=15"}],"curies":[{"name":"wp","href":"https:\/\/api.w.org\/{rel}","templated":true}]}}