{"id":327,"date":"2013-01-31T19:22:13","date_gmt":"2013-01-31T17:22:13","guid":{"rendered":"http:\/\/localhost\/vozmenyeniweb\/?page_id=327"},"modified":"2014-02-05T00:48:44","modified_gmt":"2014-02-04T22:48:44","slug":"basin","status":"publish","type":"page","link":"https:\/\/vahitozmen.com\/t\/basin\/","title":{"rendered":"Bas\u0131n"},"content":{"rendered":"<h2 class=\"h2b\">Yaz\u0131l\u0131 Bas\u0131n<\/h2>\n<p><ul class=\"lcp_catlist\" id=\"lcp_instance_0\"><li ><a href=\"https:\/\/vahitozmen.com\/t\/haber\/kadina-nefes-odulleri\/\" title=\"Kad\u0131na Nefes \u00d6d\u00fclleri\">Kad\u0131na Nefes \u00d6d\u00fclleri<\/a><\/li><li ><a href=\"https:\/\/vahitozmen.com\/t\/basin\/yazili-basin\/meme-sagligi-farkindaligi\/\" title=\"Meme Sa\u011fl\u0131\u011f\u0131 Fark\u0131ndal\u0131\u011f\u0131\">Meme Sa\u011fl\u0131\u011f\u0131 Fark\u0131ndal\u0131\u011f\u0131<\/a><\/li><li ><a href=\"https:\/\/vahitozmen.com\/t\/basin\/yazili-basin\/korkmayin-onleyebiliriz-yenebiliriz\/\" title=\"Korkmay\u0131n, \u00d6nleyebiliriz, Yenebiliriz\">Korkmay\u0131n, \u00d6nleyebiliriz, Yenebiliriz<\/a><\/li><li ><a href=\"https:\/\/vahitozmen.com\/t\/basin\/yazili-basin\/2019-memeder-medya-raporu\/\" title=\"2019 Memeder Medya Raporu\">2019 Memeder Medya Raporu<\/a><\/li><li ><a href=\"https:\/\/vahitozmen.com\/t\/basin\/yazili-basin\/pembe-festival-2019\/\" title=\"Pembe Festival 2019\">Pembe Festival 2019<\/a><\/li><li ><a href=\"https:\/\/vahitozmen.com\/t\/basin\/yazili-basin\/meme-sagliginiza-dikkat\/\" title=\"Meme Sa\u011fl\u0131\u011f\u0131n\u0131za Dikkat\">Meme Sa\u011fl\u0131\u011f\u0131n\u0131za Dikkat<\/a><\/li><li ><a href=\"https:\/\/vahitozmen.com\/t\/basin\/yazili-basin\/yilda-bir-kez-mamografi\/\" title=\"Y\u0131lda bir kez mamografi\">Y\u0131lda bir kez mamografi<\/a><\/li><li ><a href=\"https:\/\/vahitozmen.com\/t\/basin\/yazili-basin\/bu-ciftin-ellerinden-saygiyla-opuyorum\/\" title=\"Bu \u00c7iftin Ellerinden Sayg\u0131yla \u00d6p\u00fcyorum\">Bu \u00c7iftin Ellerinden Sayg\u0131yla \u00d6p\u00fcyorum<\/a><\/li><li ><a href=\"https:\/\/vahitozmen.com\/t\/basin\/yazili-basin\/saglikta-fark-yaratanlar\/\" title=\"Sa\u011fl\u0131kta Fark Yaratanlar\">Sa\u011fl\u0131kta Fark Yaratanlar<\/a><\/li><li ><a href=\"https:\/\/vahitozmen.com\/t\/basin\/yazili-basin\/memeder-medya-raporu\/\" title=\"Memeder Medya Raporu\">Memeder Medya Raporu<\/a><\/li><li ><a href=\"https:\/\/vahitozmen.com\/t\/basin\/yazili-basin\/pembe-festival-2018\/\" title=\"Pembe Festival 2018\">Pembe Festival 2018<\/a><\/li><li ><a href=\"https:\/\/vahitozmen.com\/t\/basin\/yazili-basin\/bende-de-bilinc-yokmus\/\" title=\"Bende de bilin\u00e7 yokmu\u015f\">Bende de bilin\u00e7 yokmu\u015f<\/a><\/li><li ><a href=\"https:\/\/vahitozmen.com\/t\/basin\/yazili-basin\/meme-kanserinden-korunmak-icin-konserveden-uzak-durun\/\" title=\"Meme kanserinden korunmak i\u00e7in konserveden uzak durun!\">Meme kanserinden korunmak i\u00e7in konserveden uzak durun!<\/a><\/li><li ><a href=\"https:\/\/vahitozmen.com\/t\/basin\/yazili-basin\/pembe-kurdele-farkindalik-yaratiyor\/\" title=\"Pembe Kurdele Fark\u0131ndal\u0131k Yarat\u0131yor\">Pembe Kurdele Fark\u0131ndal\u0131k Yarat\u0131yor<\/a><\/li><li ><a href=\"https:\/\/vahitozmen.com\/t\/basin\/yazili-basin\/tesekkur-mesaji\/\" title=\"Te\u015fekk\u00fcr Mesaj\u0131\">Te\u015fekk\u00fcr Mesaj\u0131<\/a><\/li><li ><a href=\"https:\/\/vahitozmen.com\/t\/basin\/yazili-basin\/meme-taramasi-40-yasinda-baslamali\/\" title=\"Meme Taramas\u0131 40 ya\u015f\u0131nda ba\u015flamal\u0131\">Meme Taramas\u0131 40 ya\u015f\u0131nda ba\u015flamal\u0131<\/a><\/li><li ><a href=\"https:\/\/vahitozmen.com\/t\/basin\/yazili-basin\/yeseren-bir-bitki-onkoloji-gunleri\/\" title=\"&#8220;Ye\u015feren Bir Bitki&#8221; Onkoloji G\u00fcnleri\">&#8220;Ye\u015feren Bir Bitki&#8221; Onkoloji G\u00fcnleri<\/a><\/li><li ><a href=\"https:\/\/vahitozmen.com\/t\/basin\/yazili-basin\/belirtilere-dikkat\/\" title=\"Belirtilere dikkat!\">Belirtilere dikkat!<\/a><\/li><li ><a href=\"https:\/\/vahitozmen.com\/t\/basin\/yazili-basin\/meme-kanseri-icin-pembe-festival\/\" title=\"Meme kanseri i\u00e7in \u2018Pembe Festival\u2019\">Meme kanseri i\u00e7in \u2018Pembe Festival\u2019<\/a><\/li><li ><a href=\"https:\/\/vahitozmen.com\/t\/basin\/yazili-basin\/pembe-festival\/\" title=\"Pembe Festival\">Pembe Festival<\/a><\/li><li ><a href=\"https:\/\/vahitozmen.com\/t\/basin\/yazili-basin\/farkindalik-hayat-kurtariyor\/\" title=\"Fark\u0131ndal\u0131k hayat kurtar\u0131yor\">Fark\u0131ndal\u0131k hayat kurtar\u0131yor<\/a><\/li><li ><a href=\"https:\/\/vahitozmen.com\/t\/basin\/yazili-basin\/erken-anne-ol-kanseri-kov\/\" title=\"Erken Anne Ol Kanseri Kov\">Erken Anne Ol Kanseri Kov<\/a><\/li><li ><a href=\"https:\/\/vahitozmen.com\/t\/basin\/yazili-basin\/meme-kanserinden-korunmak-icin-7-onemli-tavsiye\/\" title=\"Meme Kanserinden Korunmak \u0130\u00e7in 7 \u00d6nemli Tavsiye\">Meme Kanserinden Korunmak \u0130\u00e7in 7 \u00d6nemli Tavsiye<\/a><\/li><li ><a href=\"https:\/\/vahitozmen.com\/t\/basin\/yazili-basin\/lenfodem-ameliyattan-once-tespit-edilebilir\/\" title=\"Lenf\u00f6dem Ameliyattan \u00d6nce Tespit Edilebilir\">Lenf\u00f6dem Ameliyattan \u00d6nce Tespit Edilebilir<\/a><\/li><li ><a href=\"https:\/\/vahitozmen.com\/t\/basin\/yazili-basin\/bahcesehirde-105-kadini-meme-kanserinden-kurtardik\/\" title=\"Bah\u00e7e\u015fehir&#8217;de 105 Kad\u0131n\u0131 Meme Kanserinden Kurtard\u0131k\">Bah\u00e7e\u015fehir&#8217;de 105 Kad\u0131n\u0131 Meme Kanserinden Kurtard\u0131k<\/a><\/li><li ><a href=\"https:\/\/vahitozmen.com\/t\/basin\/yazili-basin\/meme-kanserinde-basari-artiyor\/\" title=\"Meme Kanserinde Ba\u015far\u0131 Art\u0131yor\">Meme Kanserinde Ba\u015far\u0131 Art\u0131yor<\/a><\/li><li ><a href=\"https:\/\/vahitozmen.com\/t\/basin\/ciragan-sarayi-pembe-oldu\/\" title=\"\u00c7\u0131ra\u011fan Saray\u0131 Pembe Oldu\">\u00c7\u0131ra\u011fan Saray\u0131 Pembe Oldu<\/a><\/li><li ><a href=\"https:\/\/vahitozmen.com\/t\/basin\/yazili-basin\/menopozda-zayifla-kanseri-kovala\/\" title=\"Menopozda zay\u0131fla kanseri kovala\">Menopozda zay\u0131fla kanseri kovala<\/a><\/li><li ><a href=\"https:\/\/vahitozmen.com\/t\/basin\/yazili-basin\/meme-kanseri-tedavisinde-onemli-gelismeler\/\" title=\"Meme kanseri tedavisinde \u00f6nemli geli\u015fmeler\">Meme kanseri tedavisinde \u00f6nemli geli\u015fmeler<\/a><\/li><li ><a href=\"https:\/\/vahitozmen.com\/t\/basin\/yazili-basin\/body-fashion-dergisi\/\" title=\"Body Fashion Dergisi\">Body Fashion Dergisi<\/a><\/li><li ><a href=\"https:\/\/vahitozmen.com\/t\/basin\/yazili-basin\/prof-dr-vahit-ozmen-musta-meme-kanseri-erken-tani-ve-tarama-etkinliklerini-baslatti\/\" title=\"Prof.Dr.Vahit \u00d6zmen Mu\u015f&#8217;ta Meme Kanseri Erken Tan\u0131 ve Tarama etkinliklerini ba\u015flatt\u0131\">Prof.Dr.Vahit \u00d6zmen Mu\u015f&#8217;ta Meme Kanseri Erken Tan\u0131 ve Tarama etkinliklerini ba\u015flatt\u0131<\/a><\/li><li ><a href=\"https:\/\/vahitozmen.com\/t\/basin\/yazili-basin\/meme-kanseri-bas-dondurucu-hizla-artiyor\/\" title=\"Meme Kanseri Ba\u015f D\u00f6nd\u00fcr\u00fcc\u00fc H\u0131zla Art\u0131yor\">Meme Kanseri Ba\u015f D\u00f6nd\u00fcr\u00fcc\u00fc H\u0131zla Art\u0131yor<\/a><\/li><li ><a href=\"https:\/\/vahitozmen.com\/t\/basin\/yazili-basin\/meme-kanserinde-onlemler-ve-son-gelismeler\/\" title=\"Meme Kanserinde \u00d6nlemler ve Son Geli\u015fmeler\">Meme Kanserinde \u00d6nlemler ve Son Geli\u015fmeler<\/a><\/li><li ><a href=\"https:\/\/vahitozmen.com\/t\/basin\/yazili-basin\/meme-kanseri-tedavisinde-3-ay-gecikiyoruz\/\" title=\"Meme Kanseri Tedavisinde 3 Ay Gecikiyoruz\">Meme Kanseri Tedavisinde 3 Ay Gecikiyoruz<\/a><\/li><li ><a href=\"https:\/\/vahitozmen.com\/t\/basin\/yazili-basin\/13-soruda-meme-kanseri\/\" title=\"13 Soruda Meme Kanseri\">13 Soruda Meme Kanseri<\/a><\/li><li ><a href=\"https:\/\/vahitozmen.com\/t\/basin\/yazili-basin\/meme-kanseri-hakkinda-bilinmesi-gerekenler\/\" title=\"Meme Kanseri Hakk\u0131nda Bilinmesi Gerekenler\">Meme Kanseri Hakk\u0131nda Bilinmesi Gerekenler<\/a><\/li><li ><a href=\"https:\/\/vahitozmen.com\/t\/basin\/sismanligin-ve-meme-kanserinin-riskli-dansi\/\" title=\"\u015ei\u015fmanl\u0131\u011f\u0131n ve meme kanserinin riskli dans\u0131\">\u015ei\u015fmanl\u0131\u011f\u0131n ve meme kanserinin riskli dans\u0131<\/a><\/li><li ><a href=\"https:\/\/vahitozmen.com\/t\/basin\/meme-kanserinden-korkmuyoruz\/\" title=\"Meme kanserinden korkmuyoruz\">Meme kanserinden korkmuyoruz<\/a><\/li><li ><a href=\"https:\/\/vahitozmen.com\/t\/basin\/yazili-basin\/meme-kanserinde-onlem-erken-teshis-ve-tedavisi\/\" title=\"Meme Kanserinde \u00d6nlem Erken Te\u015fhis ve Tedavisi\">Meme Kanserinde \u00d6nlem Erken Te\u015fhis ve Tedavisi<\/a><\/li><li ><a href=\"https:\/\/vahitozmen.com\/t\/basin\/yazili-basin\/nasilsa-agri-yok-deme-kontrolu-ihmal-etme\/\" title=\"Nas\u0131lsa a\u011fr\u0131 yok deme kontrol\u00fc ihmal etme\">Nas\u0131lsa a\u011fr\u0131 yok deme kontrol\u00fc ihmal etme<\/a><\/li><\/ul><br \/>\n&nbsp;<\/p>\n<h2 class=\"h2b\">TV Konu\u015fmalar\u0131<\/h2>\n<blockquote>\n<p>Prof. Dr. Vahit \u00d6ZMEN\u2019in konuk olarak kat\u0131ld\u0131\u011f\u0131, TV programlar\u0131n\u0131n g\u00f6r\u00fcnt\u00fclerine, a\u015fa\u011f\u0131daki linklerden ula\u015fabilirisiniz.<\/p>\n<\/blockquote>\n<p><ul class=\"lcp_catlist\" id=\"lcp_instance_0\"><li ><a href=\"https:\/\/vahitozmen.com\/t\/basin\/tv-programlari\/gunaydin-hayat-programi\/\" title=\"&#8220;G\u00fcnayd\u0131n Hayat&#8221; Program\u0131\">&#8220;G\u00fcnayd\u0131n Hayat&#8221; Program\u0131<\/a><\/li><li ><a href=\"https:\/\/vahitozmen.com\/t\/basin\/tv-programlari\/bu-yilki-dso-raporuna-gore-artik-en-sik-gorulen-kanser-o\/\" title=\"Bu y\u0131lki DS\u00d6 raporuna g\u00f6re art\u0131k en s\u0131k g\u00f6r\u00fclen kanser o!\">Bu y\u0131lki DS\u00d6 raporuna g\u00f6re art\u0131k en s\u0131k g\u00f6r\u00fclen kanser o!<\/a><\/li><li ><a href=\"https:\/\/vahitozmen.com\/t\/basin\/tv-programlari\/meme-kanserinde-erken-taninin-onemi\/\" title=\"Meme Kanserinde Erken Tan\u0131n\u0131n \u00d6nemi\">Meme Kanserinde Erken Tan\u0131n\u0131n \u00d6nemi<\/a><\/li><li ><a href=\"https:\/\/vahitozmen.com\/t\/basin\/tv-programlari\/meme-kanserinde-yas-giderek-dusuyor\/\" title=\"Meme Kanserinde Ya\u015f Giderek D\u00fc\u015f\u00fcyor\">Meme Kanserinde Ya\u015f Giderek D\u00fc\u015f\u00fcyor<\/a><\/li><li ><a href=\"https:\/\/vahitozmen.com\/t\/basin\/tv-programlari\/ekim-ayi-meme-kanseri-farkindalik-ayi-bloomberg-ht\/\" title=\"Ekim Ay\u0131 Meme Kanseri Fark\u0131ndal\u0131k Ay\u0131 Bloomberg HT\">Ekim Ay\u0131 Meme Kanseri Fark\u0131ndal\u0131k Ay\u0131 Bloomberg HT<\/a><\/li><li ><a href=\"https:\/\/vahitozmen.com\/t\/basin\/tv-programlari\/meme-kanseri-farkindalik-ayi-ntv\/\" title=\"Meme Kanseri Fark\u0131ndal\u0131k Ay\u0131 NTV\">Meme Kanseri Fark\u0131ndal\u0131k Ay\u0131 NTV<\/a><\/li><li ><a href=\"https:\/\/vahitozmen.com\/t\/basin\/tv-programlari\/pembe-kurdele-her-yerde\/\" title=\"Pembe Kurdele Her Yerde\">Pembe Kurdele Her Yerde<\/a><\/li><li ><a href=\"https:\/\/vahitozmen.com\/t\/basin\/tv-programlari\/meme-kanseri-ve-tiptaki-yeni-gelismeler\/\" title=\"Meme Kanseri ve T\u0131ptaki Yeni Geli\u015fmeler\">Meme Kanseri ve T\u0131ptaki Yeni Geli\u015fmeler<\/a><\/li><li ><a href=\"https:\/\/vahitozmen.com\/t\/basin\/tv-programlari\/gogus-silikonlari-kanser-yapar-mi\/\" title=\"G\u00f6\u011f\u00fcs silikonlar\u0131 kanser yapar m\u0131?\">G\u00f6\u011f\u00fcs silikonlar\u0131 kanser yapar m\u0131?<\/a><\/li><li ><a href=\"https:\/\/vahitozmen.com\/t\/basin\/tv-programlari\/iyi-fikir-programi\/\" title=\"\u0130yi Fikir Program\u0131\">\u0130yi Fikir Program\u0131<\/a><\/li><li ><a href=\"https:\/\/vahitozmen.com\/t\/basin\/tv-programlari\/kanald-doktorum-programi\/\" title=\"KanalD Doktorum Program\u0131\">KanalD Doktorum Program\u0131<\/a><\/li><li ><a href=\"https:\/\/vahitozmen.com\/t\/basin\/tv-programlari\/ntv-canim-doktor-programi\/\" title=\"NTV Can\u0131m Doktor Program\u0131\">NTV Can\u0131m Doktor Program\u0131<\/a><\/li><li ><a href=\"https:\/\/vahitozmen.com\/t\/basin\/tv-programlari\/meme-kanserinin-erken-teshisi-icin-akilli-telefon-uygulamasi\/\" title=\"Meme Kanserinin Erken Te\u015fhisi \u0130\u00e7in Ak\u0131ll\u0131 Telefon Uygulamas\u0131\">Meme Kanserinin Erken Te\u015fhisi \u0130\u00e7in Ak\u0131ll\u0131 Telefon Uygulamas\u0131<\/a><\/li><li ><a href=\"https:\/\/vahitozmen.com\/t\/basin\/tv-programlari\/meme-kanserinde-etnik-koken\/\" title=\"Meme kanserinde etnik k\u00f6ken\">Meme kanserinde etnik k\u00f6ken<\/a><\/li><li ><a href=\"https:\/\/vahitozmen.com\/t\/basin\/tv-programlari\/kucuk-adimlar-programi-arti-1-tv\/\" title=\"K\u00fc\u00e7\u00fck Ad\u0131mlar Program\u0131 Art\u0131 1 Tv\">K\u00fc\u00e7\u00fck Ad\u0131mlar Program\u0131 Art\u0131 1 Tv<\/a><\/li><li ><a href=\"https:\/\/vahitozmen.com\/t\/basin\/tv-programlari\/meme-kanseri-ve-tedavisi\/\" title=\"Meme Kanseri ve Tedavisi\">Meme Kanseri ve Tedavisi<\/a><\/li><li ><a href=\"https:\/\/vahitozmen.com\/t\/basin\/tv-programlari\/kansere-karsi-nasil-beslenmeliyiz\/\" title=\"Kansere Kar\u015f\u0131 Nas\u0131l Beslenmeliyiz\">Kansere Kar\u015f\u0131 Nas\u0131l Beslenmeliyiz<\/a><\/li><li ><a href=\"https:\/\/vahitozmen.com\/t\/basin\/tv-programlari\/kansere-karsi-akdeniz-diyeti\/\" title=\"Kansere Kar\u015f\u0131 Akdeniz Diyeti\">Kansere Kar\u015f\u0131 Akdeniz Diyeti<\/a><\/li><li ><a href=\"https:\/\/vahitozmen.com\/t\/basin\/tv-programlari\/istanbul-universitesi-meme-kanseri-abstract-7-bolum\/\" title=\"\u0130stanbul \u00dcniversitesi Abstract 7. B\u00f6l\u00fcm  Meme Kanseri \">\u0130stanbul \u00dcniversitesi Abstract 7. B\u00f6l\u00fcm  Meme Kanseri<\/a><\/li><li ><a href=\"https:\/\/vahitozmen.com\/t\/basin\/tv-programlari\/meme-sagligi-enine-boyuna-saglik-htv\/\" title=\"Meme Sa\u011fl\u0131\u011f\u0131 Enine Boyuna Sa\u011fl\u0131k HTV\">Meme Sa\u011fl\u0131\u011f\u0131 Enine Boyuna Sa\u011fl\u0131k HTV<\/a><\/li><li ><a href=\"https:\/\/vahitozmen.com\/t\/basin\/tv-programlari\/memedeki-kitleler-doktorum-kanal-d\/\" title=\"Memedeki Kitleler Doktorum Kanal D\">Memedeki Kitleler Doktorum Kanal D<\/a><\/li><li ><a href=\"https:\/\/vahitozmen.com\/t\/basin\/tv-programlari\/doktorum-programi\/\" title=\"Doktorum Program\u0131\">Doktorum Program\u0131<\/a><\/li><li ><a href=\"https:\/\/vahitozmen.com\/t\/basin\/tv-programlari\/meme-biyopsisi\/\" title=\"Meme Biyopsisi\">Meme Biyopsisi<\/a><\/li><li ><a href=\"https:\/\/vahitozmen.com\/t\/basin\/tv-programlari\/meme-kanseri-2-ntv\/\" title=\"Meme Kanseri &#8211; Sa\u011fl\u0131k Raporu NTV\">Meme Kanseri &#8211; Sa\u011fl\u0131k Raporu NTV<\/a><\/li><li ><a href=\"https:\/\/vahitozmen.com\/t\/basin\/tv-programlari\/meme-kanseri-1\/\" title=\"Meme Kanseri 1 NTV Sa\u011fl\u0131k Raporu\">Meme Kanseri 1 NTV Sa\u011fl\u0131k Raporu<\/a><\/li><\/ul><br \/>\n&nbsp;<\/p>\n<h2 class=\"h2b\">Haberler<\/h2>\n<ul class=\"lcp_catlist\" id=\"lcp_instance_0\"><li ><a href=\"https:\/\/vahitozmen.com\/t\/haber\/kadina-nefes-odulleri\/\" title=\"Kad\u0131na Nefes \u00d6d\u00fclleri\">Kad\u0131na Nefes \u00d6d\u00fclleri<\/a><\/li><li ><a href=\"https:\/\/vahitozmen.com\/t\/haber\/22-dunya-meme-sagligi-ve-meme-kanseri-kongresi\/\" title=\"22. D\u00fcnya Meme Sa\u011fl\u0131\u011f\u0131 ve Meme Kanseri Kongresi\">22. D\u00fcnya Meme Sa\u011fl\u0131\u011f\u0131 ve Meme Kanseri Kongresi<\/a><\/li><li ><a href=\"https:\/\/vahitozmen.com\/t\/haber\/22-world-breast-health-cancer-kongresi\/\" title=\"22. World Breast Health &#038; Cancer Kongresi\">22. World Breast Health &#038; Cancer Kongresi<\/a><\/li><li ><a href=\"https:\/\/vahitozmen.com\/t\/haber\/azerbaycan-meme-kongresi\/\" title=\"Azerbaycan Meme Kongresi\">Azerbaycan Meme Kongresi<\/a><\/li><li ><a href=\"https:\/\/vahitozmen.com\/t\/haber\/10ncu-panhelenik-meme-cerrahisi-kongresi\/\" title=\"10&#8217;ncu Panhelenik Meme Cerrahisi Kongresi\">10&#8217;ncu Panhelenik Meme Cerrahisi Kongresi<\/a><\/li><li ><a href=\"https:\/\/vahitozmen.com\/t\/haber\/acs-clinical-congress\/\" title=\"ACS Clinical Congress\">ACS Clinical Congress<\/a><\/li><li ><a href=\"https:\/\/vahitozmen.com\/t\/haber\/meme-kanseri-rehberi\/\" title=\"Meme Kanseri Rehberi\">Meme Kanseri Rehberi<\/a><\/li><li ><a href=\"https:\/\/vahitozmen.com\/t\/haber\/caca-sis-meme-cerrahisi-kongresi\/\" title=\"CACA-SIS Meme Cerrahisi Kongresi\">CACA-SIS Meme Cerrahisi Kongresi<\/a><\/li><li ><a href=\"https:\/\/vahitozmen.com\/t\/haber\/fransiz-cerrahi-akademisi-onursal-madalyasi\/\" title=\"Frans\u0131z Cerrahi Akademisi Onursal Madalyas\u0131\">Frans\u0131z Cerrahi Akademisi Onursal Madalyas\u0131<\/a><\/li><li ><a href=\"https:\/\/vahitozmen.com\/t\/haber\/ad-scientific-index-2025\/\" title=\"AD Scientific Index 2025\">AD Scientific Index 2025<\/a><\/li><li ><a href=\"https:\/\/vahitozmen.com\/t\/haber\/congress-of-european-society-of-lymphology\/\" title=\"Congress of European Society of Lymphology\">Congress of European Society of Lymphology<\/a><\/li><li ><a href=\"https:\/\/vahitozmen.com\/t\/haber\/meme-kanseri-konferansi\/\" title=\"Meme Kanseri Konferans\u0131\">Meme Kanseri Konferans\u0131<\/a><\/li><li ><a href=\"https:\/\/vahitozmen.com\/t\/haber\/turk-cerrahi-dernegi-sis-baskanligi-mesaji\/\" title=\"T\u00fcrk Cerrahi Derne\u011fi SIS Ba\u015fkanl\u0131\u011f\u0131 Mesaj\u0131\">T\u00fcrk Cerrahi Derne\u011fi SIS Ba\u015fkanl\u0131\u011f\u0131 Mesaj\u0131<\/a><\/li><li ><a href=\"https:\/\/vahitozmen.com\/t\/haber\/meme-kanserinde-guncel-yaklasimlar\/\" title=\"Meme Kanserinde G\u00fcncel Yakla\u015f\u0131mlar\">Meme Kanserinde G\u00fcncel Yakla\u015f\u0131mlar<\/a><\/li><li ><a href=\"https:\/\/vahitozmen.com\/t\/haber\/17-ulusal-meme-hastaliklari-kongresi\/\" title=\"17. Ulusal Meme Hastal\u0131klar\u0131 Kongresi\">17. Ulusal Meme Hastal\u0131klar\u0131 Kongresi<\/a><\/li><li ><a href=\"https:\/\/vahitozmen.com\/t\/haber\/senologic-international-society-toplantisi\/\" title=\"Senologic International Society Toplant\u0131s\u0131\">Senologic International Society Toplant\u0131s\u0131<\/a><\/li><li ><a href=\"https:\/\/vahitozmen.com\/t\/haber\/pembe-festival-2023\/\" title=\"Pembe Festival 2023\">Pembe Festival 2023<\/a><\/li><li ><a href=\"https:\/\/vahitozmen.com\/t\/haber\/ketem-bahcesehir\/\" title=\"KETEM Bah\u00e7e\u015fehir\">KETEM Bah\u00e7e\u015fehir<\/a><\/li><li ><a href=\"https:\/\/vahitozmen.com\/t\/haber\/florence-nightingale-mukemmel-meme-kanseri-merkezi\/\" title=\"Florence Nightingale M\u00fckemmel Meme Kanseri Merkezi\">Florence Nightingale M\u00fckemmel Meme Kanseri Merkezi<\/a><\/li><li ><a href=\"https:\/\/vahitozmen.com\/t\/haber\/meme-kanserini-nasil-yendi\/\" title=\"Meme Kanserini Nas\u0131l Yendi?\">Meme Kanserini Nas\u0131l Yendi?<\/a><\/li><li ><a href=\"https:\/\/vahitozmen.com\/t\/haber\/meme-kongresi\/\" title=\"Meme Kongresi\">Meme Kongresi<\/a><\/li><li ><a href=\"https:\/\/vahitozmen.com\/t\/haber\/22-ulusal-cerrahi-kongresi\/\" title=\"22. Ulusal Cerrahi Kongresi\">22. Ulusal Cerrahi Kongresi<\/a><\/li><li ><a href=\"https:\/\/vahitozmen.com\/t\/haber\/senologic-intrernational-society-genel-kurulu-toplantisi\/\" title=\"Senologic Intrernational Society Genel Kurulu Toplant\u0131s\u0131\">Senologic Intrernational Society Genel Kurulu Toplant\u0131s\u0131<\/a><\/li><li ><a href=\"https:\/\/vahitozmen.com\/t\/haber\/23-dunya-jinekoloji-ve-dogum-kongresi\/\" title=\"23. D\u00fcnya Jinekoloji ve Do\u011fum Kongresi\">23. D\u00fcnya Jinekoloji ve Do\u011fum Kongresi<\/a><\/li><li ><a href=\"https:\/\/vahitozmen.com\/t\/haber\/kanserde-tarama-ve-erken-tani-programi\/\" title=\"Kanserde Tarama ve Erken Tan\u0131 Program\u0131\">Kanserde Tarama ve Erken Tan\u0131 Program\u0131<\/a><\/li><li ><a href=\"https:\/\/vahitozmen.com\/t\/haber\/turkiyede-onkolojide-iz-birakanlar\/\" title=\"T\u00fcrkiye\u2019de Onkolojide \u0130z B\u0131rakanlar\">T\u00fcrkiye\u2019de Onkolojide \u0130z B\u0131rakanlar<\/a><\/li><li ><a href=\"https:\/\/vahitozmen.com\/t\/haber\/dunya-kanser-zirvesi\/\" title=\"D\u00fcnya Kanser Zirvesi\">D\u00fcnya Kanser Zirvesi<\/a><\/li><li ><a href=\"https:\/\/vahitozmen.com\/t\/haber\/european-journal-of-breast-health-artik-internette\/\" title=\"European Journal of Breast Health art\u0131k internette\">European Journal of Breast Health art\u0131k internette<\/a><\/li><li ><a href=\"https:\/\/vahitozmen.com\/t\/haber\/meme-kanseri-tani-tarama-ve-tedavi-protokolu\/\" title=\"Meme Kanseri Tan\u0131 Tarama ve Tedavi Protokol\u00fc\">Meme Kanseri Tan\u0131 Tarama ve Tedavi Protokol\u00fc<\/a><\/li><li ><a href=\"https:\/\/vahitozmen.com\/t\/haber\/international-oncology-forum-2020\/\" title=\"International Oncology Forum 2020\">International Oncology Forum 2020<\/a><\/li><li ><a href=\"https:\/\/vahitozmen.com\/t\/haber\/doktorclub-covid-19-ve-meme-kanseri-paneli\/\" title=\"Doktorclub \u201c Covid-19 ve Meme Kanseri \u201d Paneli\">Doktorclub \u201c Covid-19 ve Meme Kanseri \u201d Paneli<\/a><\/li><li ><a href=\"https:\/\/vahitozmen.com\/t\/haber\/hastalarimiza-acil-duyuru\/\" title=\"Hastalar\u0131m\u0131za acil duyuru\">Hastalar\u0131m\u0131za acil duyuru<\/a><\/li><li ><a href=\"https:\/\/vahitozmen.com\/t\/haber\/polonya-ve-rusya-konferanslari\/\" title=\"Polonya ve Rusya Konferanslar\u0131\">Polonya ve Rusya Konferanslar\u0131<\/a><\/li><li ><a href=\"https:\/\/vahitozmen.com\/t\/haber\/dunya-kadinlar-gunu\/\" title=\"D\u00fcnya Kad\u0131nlar G\u00fcn\u00fc\">D\u00fcnya Kad\u0131nlar G\u00fcn\u00fc<\/a><\/li><li ><a href=\"https:\/\/vahitozmen.com\/t\/haber\/samsun-meme-kanseri-sempozyumu\/\" title=\"Samsun Meme Kanseri Sempozyumu\">Samsun Meme Kanseri Sempozyumu<\/a><\/li><li ><a href=\"https:\/\/vahitozmen.com\/t\/haber\/american-college-of-surgeons-25-yil-hizmet-odulu\/\" title=\"American College of Surgeons 25. Y\u0131l Hizmet \u00d6d\u00fcl\u00fc\">American College of Surgeons 25. Y\u0131l Hizmet \u00d6d\u00fcl\u00fc<\/a><\/li><li ><a href=\"https:\/\/vahitozmen.com\/t\/haber\/senologic-international-society-2019-2020-yonetim-kurulu\/\" title=\"Senologic International Society 2019-2020 Y\u00f6netim Kurulu\">Senologic International Society 2019-2020 Y\u00f6netim Kurulu<\/a><\/li><li ><a href=\"https:\/\/vahitozmen.com\/t\/haber\/sozel-bildiri-birincilik-odulu-2\/\" title=\"S\u00f6zel Bildiri Birincilik \u00d6d\u00fcl\u00fc\">S\u00f6zel Bildiri Birincilik \u00d6d\u00fcl\u00fc<\/a><\/li><li ><a href=\"https:\/\/vahitozmen.com\/t\/haber\/pembe-festival-2019-basliyor\/\" title=\"Pembe Festival 2019 Ba\u015fl\u0131yor\">Pembe Festival 2019 Ba\u015fl\u0131yor<\/a><\/li><li ><a href=\"https:\/\/vahitozmen.com\/t\/haber\/avrupa-kanser-zirvesi\/\" title=\"Avrupa Kanser Zirvesi\">Avrupa Kanser Zirvesi<\/a><\/li><\/ul>\n","protected":false},"excerpt":{"rendered":"<p>Yaz\u0131l\u0131 Bas\u0131n &nbsp; TV Konu\u015fmalar\u0131 Prof. Dr. Vahit \u00d6ZMEN\u2019in konuk olarak kat\u0131ld\u0131\u011f\u0131, TV programlar\u0131n\u0131n g\u00f6r\u00fcnt\u00fclerine, a\u015fa\u011f\u0131daki linklerden ula\u015fabilirisiniz. &nbsp; Haberler<\/p>\n","protected":false},"author":1,"featured_media":0,"parent":0,"menu_order":5,"comment_status":"closed","ping_status":"open","template":"content-sidebar-page.php","meta":{"ngg_post_thumbnail":0},"_links":{"self":[{"href":"https:\/\/vahitozmen.com\/t\/wp-json\/wp\/v2\/pages\/327"}],"collection":[{"href":"https:\/\/vahitozmen.com\/t\/wp-json\/wp\/v2\/pages"}],"about":[{"href":"https:\/\/vahitozmen.com\/t\/wp-json\/wp\/v2\/types\/page"}],"author":[{"embeddable":true,"href":"https:\/\/vahitozmen.com\/t\/wp-json\/wp\/v2\/users\/1"}],"replies":[{"embeddable":true,"href":"https:\/\/vahitozmen.com\/t\/wp-json\/wp\/v2\/comments?post=327"}],"version-history":[{"count":11,"href":"https:\/\/vahitozmen.com\/t\/wp-json\/wp\/v2\/pages\/327\/revisions"}],"predecessor-version":[{"id":921,"href":"https:\/\/vahitozmen.com\/t\/wp-json\/wp\/v2\/pages\/327\/revisions\/921"}],"wp:attachment":[{"href":"https:\/\/vahitozmen.com\/t\/wp-json\/wp\/v2\/media?parent=327"}],"curies":[{"name":"wp","href":"https:\/\/api.w.org\/{rel}","templated":true}]}}